f 34962873?
False
Is 1048 a factor of 14245464?
True
Is 3021 a factor of 917405196?
True
Is 2428095150 a multiple of 8926?
True
Does 210 divide 66093720?
True
Does 3034 divide 168065396?
True
Is 857 a factor of 1329572082?
True
Is 111 a factor of 508008584?
False
Does 299 divide 99344718?
False
Is 32 a factor of 1377836544?
True
Is 117994330 a multiple of 10?
True
Does 7 divide 226058504?
True
Does 18 divide 70803000?
True
Is 37836441 a multiple of 153?
True
Does 611 divide 23439182?
True
Is 104097705 a multiple of 67?
False
Is 70 a factor of 228268910?
False
Is 105 a factor of 1478730750?
True
Is 1133 a factor of 2748422336?
True
Is 782 a factor of 87647342?
True
Is 309 a factor of 47266185?
True
Is 178762754 a multiple of 19?
True
Is 148879437 a multiple of 483?
True
Is 60 a factor of 74966957?
False
Does 13 divide 100940002?
False
Is 15799696 a multiple of 22?
True
Does 52 divide 528590244?
True
Does 2851 divide 1610224843?
True
Is 225896 a multiple of 748?
True
Is 31703496 a multiple of 202?
True
Is 217 a factor of 50439340?
False
Does 849 divide 153368280?
False
Does 315 divide 198243675?
True
Does 3139 divide 35081174?
False
Does 349 divide 152449482?
True
Is 8 a factor of 389282?
False
Is 322282893 a multiple of 1759?
False
Is 92 a factor of 38727704?
False
Does 1767 divide 63652759?
False
Is 4980 a factor of 108859563?
False
Is 29810060 a multiple of 5?
True
Is 28691369 a multiple of 248?
False
Is 6 a factor of 56369604?
True
Does 25 divide 2244895675?
True
Is 8373 a factor of 562074261?
False
Does 118 divide 72318188?
True
Is 223300390 a multiple of 114?
False
Does 2905 divide 347417665?
True
Is 649072285 a multiple of 434?
False
Is 6056988 a multiple of 7?
True
Is 1174979881 a multiple of 27?
False
Is 2329616796 a multiple of 39?
True
Does 12 divide 944739336?
True
Is 20986404 a multiple of 1229?
True
Is 2426346 a multiple of 53?
False
Does 22 divide 32020450?
True
Does 33 divide 272817202?
False
Does 54 divide 36215694?
True
Does 55 divide 1299186854?
False
Does 64 divide 790830?
False
Does 19 divide 474359628?
False
Does 3116 divide 417207472?
True
Is 12401 a factor of 1414093721?
False
Is 1300 a factor of 1787932900?
True
Is 146 a factor of 26506667?
False
Is 428512438 a multiple of 103?
False
Is 990729152 a multiple of 4304?
True
Does 2946 divide 66058822?
False
Is 43 a factor of 20316948?
False
Is 32 a factor of 1272088896?
True
Does 88 divide 2025232?
True
Does 24 divide 1213366032?
True
Does 19 divide 13895631?
True
Is 469 a factor of 620857510?
True
Is 78 a factor of 25275042?
True
Is 49 a factor of 138649910?
True
Is 14 a factor of 22725794?
True
Does 152 divide 11197010?
False
Is 1033 a factor of 179804042?
False
Does 49 divide 15743259?
True
Does 9 divide 8069202?
True
Does 654 divide 41163385?
False
Does 21 divide 6197858?
False
Is 840814956 a multiple of 2369?
True
Does 278 divide 101982745?
False
Does 245 divide 203152732?
False
Does 21 divide 48602484?
True
Does 30 divide 99315343?
False
Is 3 a factor of 53883552?
True
Is 23508280 a multiple of 340?
True
Does 10 divide 8170211?
False
Is 132 a factor of 2060741100?
True
Does 17 divide 2171866696?
False
Is 26 a factor of 12082354?
False
Is 1416502362 a multiple of 39?
False
Is 287 a factor of 8063265?
True
Does 242 divide 766568823?
False
Does 1509 divide 1178133028?
False
Is 14989030 a multiple of 1860?
False
Is 3496 a factor of 1167396661?
False
Is 16 a factor of 289940399?
False
Does 10 divide 67417633?
False
Is 120034931 a multiple of 19?
False
Is 391 a factor of 585722989?
False
Does 173 divide 5061774?
False
Is 1730132330 a multiple of 5134?
True
Is 29328299 a multiple of 913?
True
Does 2692 divide 27833584?
False
Does 4 divide 801167810?
False
Is 24 a factor of 4222022348?
False
Is 3264 a factor of 49766208?
True
Is 32 a factor of 15377888?
True
Is 232931331 a multiple of 2846?
False
Is 42950985 a multiple of 55?
True
Is 739860906 a multiple of 64?
False
Does 21 divide 11443950?
True
Is 18 a factor of 268704324?
True
Is 794650016 a multiple of 4496?
True
Is 45 a factor of 2699730?
True
Does 10 divide 452200372?
False
Is 1771638561 a multiple of 357?
True
Does 6078 divide 439987259?
False
Is 26542848 a multiple of 17?
True
Is 185 a factor of 20644890?
True
Does 430 divide 239546120?
True
Is 12 a factor of 829632856?
False
Does 1103 divide 166561006?
False
Is 5 a factor of 341674650?
True
Does 122 divide 22118592?
False
Is 2902 a factor of 364782460?
False
Is 262430562 a multiple of 31?
True
Does 124 divide 429504256?
True
Is 1711 a factor of 2469193?
False
Does 854 divide 17006556?
True
Is 52 a factor of 280228050?
False
Is 59798428 a multiple of 31?
False
Is 37 a factor of 7189322?
True
Does 15 divide 90109210?
False
Is 71 a factor of 11646801?
False
Is 515 a factor of 1956995880?
True
Does 80 divide 25645704?
False
Does 16 divide 1081666941?
False
Does 26 divide 143411511?
False
Does 2045 divide 133974085?
True
Does 30 divide 20320550?
False
Does 230 divide 160031050?
False
Is 15 a factor of 160930252?
False
Does 68 divide 1626390952?
True
Is 45 a factor of 2446379476?
False
Is 267 a factor of 274030911?
True
Is 14315040 a multiple of 19?
False
Is 693 a factor of 3690225?
True
Does 4 divide 33618027?
False
Is 50615753 a multiple of 623?
False
Does 13 divide 1680267?
False
Is 18340947 a multiple of 59?
False
Is 91838431 a multiple of 3125?
False
Is 106 a factor of 224304635?
False
Is 3774 a factor of 2934466152?
True
Is 767370360 a multiple of 237?
False
Is 1100 a factor of 25507900?
True
Is 2663 a factor of 124593781?
True
Does 153 divide 5157480?
False
Is 7 a factor of 2332574489?
True
Does 4 divide 6796140?
True
Is 865 a factor of 1006536699?
False
Is 78 a factor of 55224846?
False
Is 353 a factor of 330322574?
True
Is 217 a factor of 669495778?
True
Is 2602754570 a multiple of 8416?
False
Is 1017 a factor of 2455863382?
False
Is 306620370 a multiple of 106?
True
Is 632096748 a multiple of 2083?
False
Is 2085 a factor of 220613382?
False
Is 242 a factor of 18953599?
False
Is 4 a factor of 1138637132?
True
Is 1258910583 a multiple of 82?
False
Is 20570942 a multiple of 513?
False
Is 12256515 a multiple of 9?
True
Is 13 a factor of 219299455?
False
Is 276 a factor of 833265252?
True
Is 1368196940 a multiple of 2379?
False
Is 9 a factor of 111240908?
False
Does 557 divide 546078344?
True
Does 5419 divide 2057789988?
False
Is 25343380 a multiple of 30?
False
Is 5232 a factor of 494671924?
False
Does 2358 divide 413232426?
True
Is 10 a factor of 6594465?
False
Is 752 a factor of 77846984?
False
Is 254655226 a multiple of 326?
True
Is 26 a factor of 5245160440?
True
Is 809 a factor of 1037138?
True
Is 49799440 a multiple of 32?
False
Is 1596572 a multiple of 2?
True
Is 11402322 a multiple of 1187?
True
Is 5559 a factor of 965181375?
True
Is 561 a factor of 15746709?
True
Is 453416512 a multiple of 28?
False
Is 204683731 a multiple of 217?
True
Is 23495072 a multiple of 6?
False
Does 8 divide 196058890?
False
Is 4580576 a multiple of 176?
True
Is 1490 a factor of 224487375?
False
Is 1162236725 a multiple of 984?
False
Is 194 a factor of 70917864?
True
Does 22 divide 13802756?
True
Is 18361343 a multiple of 83?
True
Does 446 divide 108824709?
False
Does 2970 divide 25714260?
True
Does 806 divide 60116316?
True
Is 194262915 a multiple of 1155?
True
Does 8 divide 792643240?
True
Is 27 a factor of 208753659?
True
Does 76 divide 30776870?
False
Does 398 divide 266242656?
False
Does 3366 divide 99118602?
True
Does 18 divide 501836112?
True
Does 25 divide 1499778842?
False
Does 21 divide 25221000?
True
Is 483 a factor of 202775947?
False
Is 307300320 a multiple of 160?
True
Is 987 a factor of 3316670385?
True
Does 1037 divide 67280677?
False
Does 559 divide 14561183?
False
Is 1830213066 a multiple of 3938?
True
Does 4 divide 14385556?
True
Does 1334 divide 66485226?
True
Is 3228 a factor of 16090702?
False
Does 9 divide 829063?
False
Does 18 divide 249735319?
False
Does 25 divide 471469425?
True
Does 2693 divide 1784217527?
True
Is 2178 a factor of 115181352?
True
Is 15736350 a multiple of 490?
True
Is 509078736 a multiple of 4038?
True
Is 8034712 a multiple of 9?
False
Is 1177 a factor of 35101671?
True
Does 11 divide 84227229?
False
Does 15 divide 66908775?
True
Does 